= -22 - -47. What are the prime factors of m?
5
Let g(i) = -i**3 - i**2 + 3*i + 1. List the prime factors of g(-4).
37
Let l be (-1)/(2/14) + 2. Let o = -4 - l. Suppose -2*x = -11 + o. List the prime factors of x.
5
Let s(r) = 31*r**2 - 2*r + 1. Let z be s(1). Suppose -p + z = 2*p. What are the prime factors of p?
2, 5
Let g(f) = f**3 + 5*f**2 + 5*f. Let j(m) = 5*m**3 + 21*m**2 + 21*m. Let i(z) = 9*g(z) - 2*j(z). List the prime factors of i(-2).
2, 7
Let l = -10 - -10. Suppose l = 5*g - 5*m - 65, 5*g - 3*m = 28 + 45. List the prime factors of g.
17
Suppose -3*u - u + 3*h + 91 = 0, 4*h + 92 = 4*u. Let m(j) = -5*j + 1. Let r be m(-1). Suppose -2*x - r = -u. What are the prime factors of x?
2
Let t(h) = 2*h**2 - 2*h. List the prime factors of t(-3).
2, 3
Let d(f) = 10*f**3 - 5*f**2 + 6*f - 4. List the prime factors of d(2).
2, 17
Let b(t) = 0*t + t - 6*t + 9 + 4*t. What are the prime factors of b(5)?
2
Let z(j) = 17*j + 7. What are the prime factors of z(6)?
109
Suppose -j + 4*r - 4 = 0, 0 = -3*j - 0*j - 3*r + 48. Let x = 19 - j. List the prime factors of x.
7
Let l be (-3685)/(-35) - 2/7. What are the prime factors of ((-6)/5)/((-6)/l)?
3, 7
Suppose a = -4 + 8. Suppose g - 6 = -0*p - p, a*g - p = 14. Let o = g + 0. What are the prime factors of o?
2
Suppose 41 = -2*x + 5*c, x + 5*c - 2*c - 7 = 0. List the prime factors of (-155)/(-20) + 6/x.
7
List the prime factors of (0 - -19) + 9/(-3).
2
Let o(h) be the second derivative of h**3/2 - h**2 + 3*h. List the prime factors of o(4).
2, 5
Let z be (-1)/(-2) - 1/2. Suppose 2*k + 4*j = -z*k + 70, -2*j = -4*k + 130. Suppose -4*u + k = -11. What are the prime factors of u?
11
Suppose -8*z + 2*z = -60. List the prime factors of z.
2, 5
Let l = 4 + 1. Suppose -2*m = 3*b - 9, l*b = 2*b - m + 9. List the prime factors of b.
3
Let u(l) be the first derivative of l**4/24 - l**3/6 + l**2/2 + 1. Let y(k) be the second derivative of u(k). What are the prime factors of y(6)?
5
Suppose -i + 26 = i. Suppose 2*a + 6 = -2. Let d = a + i. List the prime factors of d.
3
Suppose n + 7 = -2*l + 30, 5*n = -2*l + 43. Let v = 22 - l. List the prime factors of v.
13
Suppose 4*p + 3*l = 3*p + 39, 0 = 4*p + 4*l - 116. Suppose g = 7 + p. List the prime factors of g.
31
Let t = -47 - -79. What are the prime factors of t?
2
Let m(y) = -11*y**3 + 4*y**2 - 1. List the prime factors of m(-3).
2, 83
Let k = 12 + -18. Let f(v) be the third derivative of -v**5/60 - 5*v**4/12 - 3*v**3/2 + 10*v**2. List the prime factors of f(k).
3, 5
List the prime factors of 60/1*(-12)/(-18).
2, 5
Suppose 2*s = -5 + 15. List the prime factors of s.
5
Let d = 153 - 95. Let k be d/(-10) - 1/5. List the prime factors of (20/k)/(1/(-3)).
2, 5
Let g be ((0/4)/(-3))/1. Suppose 4*o - 4 = 0, -5*x - 6*o + 3*o + 153 = g. What are the prime factors of x?
2, 3, 5
Let q be (-20)/(-9) - (-8)/(-36). Suppose q*r + l + 10 = r, 4*l = 4*r. Let b = 17 + r. What are the prime factors of b?
2, 3
What are the prime factors of ((-2)/5)/(((-9)/(-3))/(-1170))?
2, 3, 13
Suppose 0 = -3*m + 3, 5*r - r + 4*m = 16. Suppose r*a - 6 = -0. Suppose -c = -a - 4. List the prime factors of c.
2, 3
Let i(m) = m**3 - 5*m**2 - 2*m + 5. Let z be i(5). Let k(n) = -n**2 - 6*n - 4. Let h be k(z). What are the prime factors of 0 - 2*(h - 10)?
2, 3
Suppose v + 6 = 4*v. Suppose -3*g + v*g = -6. List the prime factors of g.
2, 3
Let y be (-1)/(-3) - 51/(-9). Suppose -y*u = -u. Suppose -9 = -u*c - c. List the prime factors of c.
3
Suppose -a = -3*h + 6, a = 2*h - 4*a - 17. Let v(s) = 3*s**2 - s. List the prime factors of v(h).
2
Let r be 24 - (-2)/(-1 + 0). Let q = -15 + r. What are the prime factors of q?
7
Let g be (-4)/(3 + 1 - 2). List the prime factors of (0 - g)/(2/5).
5
Let t(b) = -b**3 - 5*b**2 + 7*b + 9. Suppose 3 = -3*f - 15. Let x be t(f). Suppose 0 = -3*u + x + 6. List the prime factors of u.
3
Let p(l) = -9*l + 3. Let q be p(8). Let b = -46 - q. What are the prime factors of b?
23
Let v(c) = 15*c**3 - c**2. Let u = 2 - 4. Let y be u/5 - (-28)/20. What are the prime factors of v(y)?
2, 7
Let n = 17 - 11. List the prime factors of (9/(-6))/(n/(-104)).
2, 13
Suppose 3*a - 91 - 5 = 3*j, -a + 3*j = -32. List the prime factors of 1884/a - 1/(-8).
59
Let a be 10/(-3)*6/(-4). Suppose 4*u + 4*t = 200, a*u + 3*t - 232 = 4*t. List the prime factors of u.
47
Let v(g) = 2*g**2 - 8*g**3 - 2*g + 3 - 2 + 0. Let l be v(1). Let o = -4 - l. List the prime factors of o.
3
Let n = 11 - -7. Suppose n = 5*q + 5*k - 22, 40 = 5*q + 3*k. What are the prime factors of q?
2
Let f(n) = 89*n + 2. What are the prime factors of f(1)?
7, 13
Let r(z) = -z**3 - 10*z**2 - z - 2. What are the prime factors of r(-10)?
2
Let b(l) = 173*l**3 - 2*l**2 - l + 1. What are the prime factors of b(1)?
3, 19
Let m = -13 + 12. Let q = 12 + m. What are the prime factors of q?
11
Suppose 0*j - 3*j + 18 = 0. Let l = 3 - j. List the prime factors of (-55)/(-3) + 1/l.
2, 3
Let t be (0 + 3)/((-1)/(-1)). Let d(b) = b**2 + 3*b - 2. What are the prime factors of d(t)?
2
Let z(r) = 2*r - 1. Suppose -4*y - 5*v = -12, 0 = -3*y - 2*y - v + 15. Let k be z(y). What are the prime factors of (-6)/k*5*-1?
2, 3
Let x be 30/9 - (-2)/3. Suppose -x*z + 18 + 66 = 0. List the prime factors of z.
3, 7
Suppose 290 = 5*u - 5*s, 0*s - 66 = -u + 3*s. List the prime factors of u.
2, 3
Let r = 196 + -35. List the prime factors of r.
7, 23
Let x(r) be the first derivative of r**4/8 - r**3/3 - r**2 - 1. Let l(w) be the second derivative of x(w). What are the prime factors of l(4)?
2, 5
Let f = 2 + -2. Suppose 3*i + v = 6*v + 76, 132 = 4*i + v. Suppose -7*j + 3*j + 30 = 3*p, -4*j - 4*p + i = f. What are the prime factors of j?
2, 3
Let y(n) = n**3 + 7*n**2 + 4*n - 1. Suppose -i = 4*i + 25. Let k be y(i). Suppose 3*q - 4 - k = 0. What are the prime factors of q?
11
Let y(t) = -3*t**3 + 5*t**2 + 2*t + 1. What are the prime factors of y(-3)?
11
Let m = 14 - 11. Let z = 13 + m. What are the prime factors of z?
2
Let s = -19 + 39. Let o be (-2*1)/((-8)/s). Suppose q = -0*q + o. What are the prime factors of q?
5
Let t be (2 - 0)/(4/12). Suppose 2*x - t*x + 116 = 0. What are the prime factors of x?
29
Let q(z) = -z - 7. Let j be q(-8). Suppose 0 = -n + 1 + j. List the prime factors of n.
2
Let b be (-2)/(3 - (-38)/(-12)). Suppose 0*m + m + t - b = 0, 0 = 4*m - 5*t - 30. List the prime factors of m.
2, 5
Let j(d) = d**3 + 10*d**2 + 5*d - 1. Let w be j(-8). Let h = -35 + w. List the prime factors of h.
2, 13
Suppose -5*j = -4*j - 53. Suppose j = 2*s + 3*z, s + 3*z = z + 27. Let m = s - 15. List the prime factors of m.
2, 5
Let l be (-68)/18 - 4/18. Let a be (-4)/(1/(30/l)). Suppose 0*d - 2*d = -2*m + 10, a = 2*m + 3*d. What are the prime factors of m?
3
Suppose -7*x = -4*u - 2*x + 8, -2*x = -4*u - 4. What are the prime factors of (-7)/(-21) - 8/u?
3
Let y(j) = -j**3 - 2*j**2 + 2*j - 3. Let d be y(-3). Suppose d = -f + g + 13, -45 = -5*f + 2*g + 5. What are the prime factors of f?
2
Suppose -2*r + 50 = -222. What are the prime factors of r?
2, 17
Suppose -14 = -0*h - h. What are the prime factors of h?
2, 7
Let j = -2 - -6. Suppose 3*n - 4*o + 14 = -5*o, -j*o = 3*n + 29. List the prime factors of ((-27)/6)/(n/4).
2, 3
Let j(q) = 2*q**3 + 1. Let x be j(1). Suppose -k + 8 = x*k. Suppose k*h = 2, 0 = 3*v - 0*h + 3*h - 27. What are the prime factors of v?
2
Suppose 28 - 10 = -3*o. Let c(a) = 15*a - 1. Let b be c(1). Let t = b + o. List the prime factors of t.
2
Let f(b) = -5*b**3 + 14*b**2 + 12. Let o be (-8)/4 - (2 - -1). Let s(l) = -4*l**3 + 13*l**2 + 11. Let d(n) = o*f(n) + 6*s(n). List the prime factors of d(-8).
2, 3
Let q = -55 + 126. What are the prime factors of q?
71
What are the prime factors of (-1023)/(-6) - (-7)/14?
3, 19
Let n(c) = -2*c - 8. Let p(x) = -4 - 4 + 2 + x**3 + 0 + 8*x**2. Let r be p(-8). List the prime factors of n(r).
2
Let n = 18 + -12. List the prime factors of n.
2, 3
Let n be 2 - (0 - 3 - -5). Let t = -2 + n. List the prime factors of (0 + -15)/(t/2).
3, 5
Suppose -3*z + 92 = z. Suppose 73 = 5*g + z. What are the prime factors of g?
2, 5
Let a be (-173)/(-9) - 16/72. Let c = -3 + a. What are the prime factors of c?
2
Let g = 14 - 35. Let w = g + 25. What are the prime factors of w?
2
What are the prime factors of (18/4)/((-15)/(-20))?
2, 3
Suppose 